{"id":1011,"date":"2009-08-07T16:29:07","date_gmt":"2009-08-07T14:29:07","guid":{"rendered":"http:\/\/www.feuerwehr-ingersheim.de\/?page_id=1011"},"modified":"2013-01-01T14:12:33","modified_gmt":"2013-01-01T13:12:33","slug":"wir-uber-uns","status":"publish","type":"page","link":"https:\/\/www.feuerwehr-ingersheim.de\/?page_id=1011","title":{"rendered":"Wir \u00fcber uns"},"content":{"rendered":"<p><span><span>Die Freiwillige Feuerwehr Ingersheim ist eine der N\u00e4chstenhilfe dienende Einrichtung der Gemeinde Ingersheim. Alle Mitglieder sind freiwillig in der Feuerwehr.<\/span><\/span><\/p>\n<p><span><span>Die Feuerwehr Ingersheim entstand 1972 aus den zurvor selbstst\u00e4ndigen freiwilligen Feuerwehren Kleiningersheim (gegr\u00fcndet 1863) und Gro\u00dfingersheim (gegr\u00fcndet 1879). <\/span><\/span>Im Jahr 1998 wurde das neue Feuerwehrhaus in der Karl-Braun-Stra\u00dfe bezogen, bis dorthin war die Feu\u00aderwehr in Provisorien in Gro\u00df- und Kleiningersheim untergebracht.<\/p>\n<p><span><span>Das Aufgabengebiet der Feuerwehr l\u00e4sst sich grob mit den Stichpunkten l\u00f6schen, retten, bergen und sch\u00fctzen umschreiben. Rechtlich sind die Pflichtaufgaben im \u00a7 2 des Feuerwehrgesetzes Baden-W\u00fcrttemberg festgeschrieben.<\/span><\/span><\/p>\n<p><span><span>Die Feuerwehr Ingersheim gliedert sich in drei Abteilungen:<\/span><\/span><\/p>\n<ul>\n<li><span><span>Aktive Wehr <\/span><\/span><\/li>\n<li><span><span>Jugendfeuerwehr<\/span><\/span><\/li>\n<li><span><span>Alterswehr<\/span><\/span><\/li>\n<\/ul>\n<p><span><span>Die Aktive Wehr beheimatet die Kameraden die zu den Eins\u00e4tzen ausr\u00fccken. Zur aktiven Wehr kann jeder kommen der das 18. Lebensjahr vollendet hat und \u00fcber die k\u00f6rperliche und geistige Tauglichkeit f\u00fcr den Feuerwehrdienst verf\u00fcgt. <\/span><\/span><\/p>\n<p><span><span>Die Jugendfeuerwehr ist eines der wichtigsten Standbeine der Feuerwehr Ingersheim. Jugendliche ab 12 Jahren k\u00f6nnen sich hier auf den Dienst in der aktiven Wehr vorbereiten. Nat\u00fcrlich geht es\u00a0nicht nur um Feuerwehr,\u00a0Freizeitaktivit\u00e4ten\u00a0geh\u00f6ren hier genauso mit dazu.\u00a0Die Jugendfeuerwehr wurde bereits 1977 als eine der ersten im Landkreis gegr\u00fcndet. 75 % der aktiven Abteilung entstammen der Jugendfeuerwehr.<\/span><\/span><\/p>\n<p><span><span>Die Alterswehr beheimatet alle Kameraden die aus dem aktiven Feuerwehrdienst ausgescheiden sind. <\/span><\/span><\/p>\n","protected":false},"excerpt":{"rendered":"<p>Die Freiwillige Feuerwehr Ingersheim ist eine der N\u00e4chstenhilfe dienende Einrichtung der Gemeinde Ingersheim. Alle Mitglieder sind freiwillig in der Feuerwehr. Die Feuerwehr Ingersheim entstand 1972 aus den zurvor selbstst\u00e4ndigen freiwilligen Feuerwehren Kleiningersheim (gegr\u00fcndet 1863) und Gro\u00dfingersheim (gegr\u00fcndet 1879). Im Jahr 1998 wurde das neue Feuerwehrhaus in der Karl-Braun-Stra\u00dfe bezogen, bis dorthin war die Feu\u00aderwehr in [&hellip;]<\/p>\n","protected":false},"author":1,"featured_media":1058,"parent":0,"menu_order":0,"comment_status":"closed","ping_status":"open","template":"","meta":{"footnotes":""},"class_list":["post-1011","page","type-page","status-publish","has-post-thumbnail","hentry"],"_links":{"self":[{"href":"https:\/\/www.feuerwehr-ingersheim.de\/index.php?rest_route=\/wp\/v2\/pages\/1011","targetHints":{"allow":["GET"]}}],"collection":[{"href":"https:\/\/www.feuerwehr-ingersheim.de\/index.php?rest_route=\/wp\/v2\/pages"}],"about":[{"href":"https:\/\/www.feuerwehr-ingersheim.de\/index.php?rest_route=\/wp\/v2\/types\/page"}],"author":[{"embeddable":true,"href":"https:\/\/www.feuerwehr-ingersheim.de\/index.php?rest_route=\/wp\/v2\/users\/1"}],"replies":[{"embeddable":true,"href":"https:\/\/www.feuerwehr-ingersheim.de\/index.php?rest_route=%2Fwp%2Fv2%2Fcomments&post=1011"}],"version-history":[{"count":4,"href":"https:\/\/www.feuerwehr-ingersheim.de\/index.php?rest_route=\/wp\/v2\/pages\/1011\/revisions"}],"predecessor-version":[{"id":1774,"href":"https:\/\/www.feuerwehr-ingersheim.de\/index.php?rest_route=\/wp\/v2\/pages\/1011\/revisions\/1774"}],"wp:featuredmedia":[{"embeddable":true,"href":"https:\/\/www.feuerwehr-ingersheim.de\/index.php?rest_route=\/wp\/v2\/media\/1058"}],"wp:attachment":[{"href":"https:\/\/www.feuerwehr-ingersheim.de\/index.php?rest_route=%2Fwp%2Fv2%2Fmedia&parent=1011"}],"curies":[{"name":"wp","href":"https:\/\/api.w.org\/{rel}","templated":true}]}}